 the remainder when 5295630 is divided by 278717.
7
What is the remainder when 32518 is divided by 4229?
2915
Calculate the remainder when 71200255 is divided by 93.
13
Calculate the remainder when 9100958 is divided by 176.
174
Calculate the remainder when 640522 is divided by 283.
93
Calculate the remainder when 117915 is divided by 6934.
37
What is the remainder when 11255890 is divided by 173?
164
What is the remainder when 5807494 is divided by 84?
70
What is the remainder when 11074 is divided by 10237?
837
What is the remainder when 296781932 is divided by 19?
13
What is the remainder when 99058555 is divided by 99058544?
11
Calculate the remainder when 3859710 is divided by 2615.
2585
Calculate the remainder when 640632 is divided by 53382.
48
Calculate the remainder when 103896 is divided by 34557.
225
Calculate the remainder when 192218 is divided by 27125.
2343
What is the remainder when 11155807 is divided by 125346?
13
Calculate the remainder when 97530835 is divided by 82374.
19
Calculate the remainder when 319538 is divided by 9680.
98
What is the remainder when 789022461 is divided by 256?
253
What is the remainder when 519669 is divided by 34643?
24
What is the remainder when 1896504 is divided by 42?
36
Calculate the remainder when 2556523 is divided by 515.
63
Calculate the remainder when 4076953 is divided by 77.
34
Calculate the remainder when 189191 is divided by 37817.
106
Calculate the remainder when 423644 is divided by 104518.
5572
Calculate the remainder when 36074245 is divided by 4379.
43
What is the remainder when 174813 is divided by 111?
99
What is the remainder when 44562172 is divided by 12293?
47
Calculate the remainder when 36742065 is divided by 902.
899
Calculate the remainder when 1868012 is divided by 466958.
180
What is the remainder when 385890 is divided by 287?
162
Calculate the remainder when 961315 is divided by 36937.
953
What is the remainder when 516447 is divided by 172149?
0
Calculate the remainder when 502825 is divided by 12872.
817
What is the remainder when 214160 is divided by 54?
50
What is the remainder when 1575836 is divided by 30304?
28
What is the remainder when 305071 is divided by 30?
1
What is the remainder when 17543667 is divided by 89054?
29
What is the remainder when 114727136 is divided by 10?
6
Calculate the remainder when 3469926 is divided by 1156640.
6
What is the remainder when 2406185 is divided by 300769?
33
Calculate the remainder when 100029 is divided by 252.
237
What is the remainder when 4218057 is divided by 127?
6
What is the remainder when 2303246 is divided by 76?
66
What is the remainder when 425383 is divided by 1841?
112
What is the remainder when 125440 is divided by 2240?
0
Calculate the remainder when 2900537 is divided by 2900509.
28
Calculate the remainder when 187236 is divided by 62391.
63
Calculate the remainder when 321236672 is divided by 1037.
1034
What is the remainder when 1070343 is divided by 13870?
2353
Calculate the remainder when 47324 is divided by 34.
30
What is the remainder when 3321233 is divided by 150953?
267
What is the remainder when 3280585 is divided by 314?
227
What is the remainder when 564406 is divided by 80624?
38
What is the remainder when 7722317 is divided by 51?
50
What is the remainder when 340977 is divided by 6680?
297
What is the remainder when 17776274 is divided by 87?
86
Calculate the remainder when 78081 is divided by 305.
1
Calculate the remainder when 3323519 is divided by 1339.
121
Calculate the remainder when 3582152 is divided by 21976.
64
What is the remainder when 1092903 is divided by 3917?
60
What is the remainder when 551216 is divided by 68489?
3304
Calculate the remainder when 2187550 is divided by 21446.
58
What is the remainder when 499718579 is divided by 273?
269
What is the remainder when 895315 is divided by 7275?
490
Calculate the remainder when 42677824 is divided by 273.
7
What is the remainder when 113148 is divided by 111592?
1556
What is the remainder when 795363 is divided by 6165?
78
What is the remainder when 3937342 is divided by 198?
112
Calculate the remainder when 5519 is divided by 4123.
1396
What is the remainder when 2342549 is divided by 130?
79
Calculate the remainder when 1509406 is divided by 4506.
4402
What is the remainder when 5535277 is divided by 21?
13
What is the remainder when 9674891 is divided by 11?
6
What is the remainder when 151929 is divided by 18971?
161
Calculate the remainder when 2884801 is divided by 21055.
266
What is the remainder when 1077571 is divided by 8552?
19
What is the remainder when 9514612 is divided by 413677?
41
What is the remainder when 242323 is divided by 1031?
38
What is the remainder when 74284 is divided by 3909?
13
What is the remainder when 368652 is divided by 24544?
492
Calculate the remainder when 12648045 is divided by 903421.
151
What is the remainder when 3459627 is divided by 1?
0
What is the remainder when 5409010 is divided by 809?
36
What is the remainder when 131405804 is divided by 265?
254
Calculate the remainder when 820299 is divided by 205071.
15
What is the remainder when 470141 is divided by 87?
80
Calculate the remainder when 592449 is divided by 148057.
221
What is the remainder when 3074495 is divided by 6459?
11
Calculate the remainder when 4131437 is divided by 2949.
2837
What is the remainder when 423157 is divided by 42178?
1377
What is the remainder when 3741928 is divided by 2822?
2778
Calculate the remainder when 70118 is divided by 6329.
499
Calculate the remainder when 283386 is divided by 45629.
9612
Calculate the remainder when 19454 is divided by 4803.
242
Calculate the remainder when 20758 is divided by 350.
108
Calculate the remainder when 7691 is divided by 3609.
473
What is the remainder when 478664 is divided by 54?
8
What is the remainder when 819487 is divided by 6304?
6271
Calculate the remainder when 291742 is divided by 48623.
4
Calculate the remainder when 462061 is divided by 115447.
273
Calculate the remainder when 2442188 is divided by 348883.
7
Calculate the remainder when 1642841 is divided by 182523.
134
What is the remainder when 65360166 is divided by 10897?
10857
What is the remainder when 93416 is divided by 92473?
943
What is the remainder when 32501788 is divided by 404?
392
What is the remainder when 142399 is divided by 10642?
4053
What is the remainder when 71831203 is divided by 100?
3
What is the remainder when 16149 is divided by 13932?
2217
Calculate the remainder when 1140576 is divided by 279.
24
Calculate the remainder when 116828 is divided by 464.
364
Calculate the remainder when 16128047 is divided by 1798.
1785
Calculate the remainder when 460162 is divided by 153139.
745
Calculate the remainder when 1134790 is divided by 9.
7
What is the remainder when 399702657 is divided by 5190?
5187
Calculate the remainder when 11281 is divided by 1053.
751
What is the remainder when 40494671 is divided by 1475?
21
Calculate the remainder when 4798339 is divided by 27576.
115
What is the remainder when 8692495 is divided by 375?
370
What is the remainder when 1662221 is divided by 233?
232
Calculate the remainder when 74658 is divided by 4603.
1010
What is the remainder when 15168744 is divided by 750?
744
What is the remainder when 1301360 is divided by 1301356?
4
What is the remainder when 66516 is divided by 754?
164
Calculate the remainder when 2590089 is divided by 33.
18
What is the remainder when 225083 is divided by 112160?
763
Calculate the remainder when 255936 is divided by 108.
84
What is the remainder when 1489144 is divided by 4003?
28
What is the remainder when 520131 is divided by 129870?
651
Calculate the remainder when 85209 is divided by 83790.
1419
What is the remainder when 483688 is divided by 6422?
2038
Calculate the remainder when 2950750 is divided by 3042.
10
What is the remainder when 8027856 is divided by 27213?
21
Calculate the remainder when 7908227 is divided by 34.
31
What is the remainder when 121143 is divided by 330?
33
Calculate the remainder when 98849 is divided by 16397.
467
Calculate the remainder when 1162683 is divided by 5123.
4885
Calculate the remainder when 265481 is divided by 14.
13
Calculate the remainder when 158935 is 